{"id":166,"date":"2025-11-24T09:45:59","date_gmt":"2025-11-24T09:45:59","guid":{"rendered":"https:\/\/baltykbezplastiku.pl\/?page_id=166"},"modified":"2025-12-08T10:05:39","modified_gmt":"2025-12-08T10:05:39","slug":"plastikowa-rewolucja","status":"publish","type":"page","link":"https:\/\/baltykbezplastiku.pl\/?page_id=166","title":{"rendered":"Plastikowa rewolucja"},"content":{"rendered":"<div id=\"ez-toc-container\" class=\"ez-toc-v2_0_82_2 counter-hierarchy ez-toc-counter ez-toc-custom ez-toc-container-direction\">\n<div class=\"ez-toc-title-container\">\n<p class=\"ez-toc-title\" style=\"cursor:inherit\">SPIS TRE\u015aCI<\/p>\n<span class=\"ez-toc-title-toggle\"><a href=\"#\" class=\"ez-toc-pull-right ez-toc-btn ez-toc-btn-xs ez-toc-btn-default ez-toc-toggle\" aria-label=\"Prze\u0142\u0105cznik Spisu Tre\u015bci\"><span class=\"ez-toc-js-icon-con\"><span class=\"\"><span class=\"eztoc-hide\" style=\"display:none;\">Toggle<\/span><span class=\"ez-toc-icon-toggle-span\"><svg style=\"fill: #3396fd;color:#3396fd\" xmlns=\"http:\/\/www.w3.org\/2000\/svg\" class=\"list-377408\" width=\"20px\" height=\"20px\" viewBox=\"0 0 24 24\" fill=\"none\"><path d=\"M6 6H4v2h2V6zm14 0H8v2h12V6zM4 11h2v2H4v-2zm16 0H8v2h12v-2zM4 16h2v2H4v-2zm16 0H8v2h12v-2z\" fill=\"currentColor\"><\/path><\/svg><svg style=\"fill: #3396fd;color:#3396fd\" class=\"arrow-unsorted-368013\" xmlns=\"http:\/\/www.w3.org\/2000\/svg\" width=\"10px\" height=\"10px\" viewBox=\"0 0 24 24\" version=\"1.2\" baseProfile=\"tiny\"><path d=\"M18.2 9.3l-6.2-6.3-6.2 6.3c-.2.2-.3.4-.3.7s.1.5.3.7c.2.2.4.3.7.3h11c.3 0 .5-.1.7-.3.2-.2.3-.5.3-.7s-.1-.5-.3-.7zM5.8 14.7l6.2 6.3 6.2-6.3c.2-.2.3-.5.3-.7s-.1-.5-.3-.7c-.2-.2-.4-.3-.7-.3h-11c-.3 0-.5.1-.7.3-.2.2-.3.5-.3.7s.1.5.3.7z\"\/><\/svg><\/span><\/span><\/span><\/a><\/span><\/div>\n<nav><ul class='ez-toc-list ez-toc-list-level-1 eztoc-toggle-hide-by-default' ><li class='ez-toc-page-1 ez-toc-heading-level-2'><a class=\"ez-toc-link ez-toc-heading-1\" href=\"https:\/\/baltykbezplastiku.pl\/?page_id=166\/#ERA_PLASTIKU\" >ERA PLASTIKU<\/a><\/li><li class='ez-toc-page-1 ez-toc-heading-level-2'><a class=\"ez-toc-link ez-toc-heading-2\" href=\"https:\/\/baltykbezplastiku.pl\/?page_id=166\/#PRODUKCJA_PLASTIKU_W_PIGULCE\" >PRODUKCJA PLASTIKU W PIGU\u0141CE<\/a><\/li><li class='ez-toc-page-1 ez-toc-heading-level-2'><a class=\"ez-toc-link ez-toc-heading-3\" href=\"https:\/\/baltykbezplastiku.pl\/?page_id=166\/#WSZECHOBECNOSC_PLASTIKU\" >WSZECHOBECNO\u015a\u0106 PLASTIKU<\/a><\/li><li class='ez-toc-page-1 ez-toc-heading-level-2'><a class=\"ez-toc-link ez-toc-heading-4\" href=\"https:\/\/baltykbezplastiku.pl\/?page_id=166\/#PLASTIKOWY_PARADOKS\" >PLASTIKOWY PARADOKS<\/a><\/li><\/ul><\/nav><\/div>\n\n<div style=\"height:20px\" aria-hidden=\"true\" class=\"wp-block-spacer\"><\/div>\n\n\n\n<h1 class=\"wp-block-heading has-text-align-center has-text-color has-link-color wp-elements-7177205f154dc7991553c444c4826cfe\" style=\"color:#3671bf;padding-right:0;padding-left:0;font-style:normal;font-weight:400\">PLASTIKOWA REWOLUCJA<\/h1>\n\n\n\n<div style=\"height:15px\" aria-hidden=\"true\" class=\"wp-block-spacer\"><\/div>\n\n\n\n<hr class=\"wp-block-separator has-text-color has-alpha-channel-opacity has-background\" style=\"background-color:#3671bf;color:#3671bf\"\/>\n\n\n\n<h2 class=\"wp-block-heading has-text-align-center has-nv-site-bg-background-color has-text-color has-background\" style=\"color:#3671bf;padding-top:0;padding-right:0rem;padding-bottom:0;padding-left:0rem;font-style:normal;font-weight:400\"><span class=\"ez-toc-section\" id=\"ERA_PLASTIKU\"><\/span>ERA PLASTIKU<span class=\"ez-toc-section-end\"><\/span><\/h2>\n\n\n\n<hr class=\"wp-block-separator has-text-color has-alpha-channel-opacity has-background\" style=\"background-color:#3671bf;color:#3671bf\"\/>\n\n\n\n<p class=\"has-text-align-left\" style=\"padding-top:0;padding-right:0;padding-bottom:0;padding-left:0;font-size:18px;letter-spacing:1px\">Wynalezienie plastiku uznaje si\u0119 za kamie\u0144 milowy w\u00a0rozwoju ludzko\u015bci. By\u0142 to pierwszy materia\u0142 stworzony ca\u0142kowicie przez cz\u0142owieka w\u00a0laboratorium. Jego w\u0142a\u015bciwo\u015bci sprawi\u0142y, \u017ce sta\u0142 si\u0119 idealnym materia\u0142em do produkcji na masow\u0105 skal\u0119. Zrewolucjonizowa\u0142 przemys\u0142, medycyn\u0119 i\u00a0nasze codzienne \u017cycie.<\/p>\n\n\n\n<div style=\"height:30px\" aria-hidden=\"true\" class=\"wp-block-spacer\"><\/div>\n\n\n<div class=\"wp-block-image\">\n<figure class=\"aligncenter size-full is-resized has-custom-border\"><img loading=\"lazy\" decoding=\"async\" width=\"2348\" height=\"2560\" src=\"https:\/\/baltykbezplastiku.pl\/wp-content\/uploads\/2025\/11\/zalety-plastiku-scaled.png\" alt=\"\" class=\"wp-image-335\" style=\"border-style:none;border-width:0px;width:750px\" srcset=\"https:\/\/baltykbezplastiku.pl\/wp-content\/uploads\/2025\/11\/zalety-plastiku-scaled.png 2348w, https:\/\/baltykbezplastiku.pl\/wp-content\/uploads\/2025\/11\/zalety-plastiku-275x300.png 275w, https:\/\/baltykbezplastiku.pl\/wp-content\/uploads\/2025\/11\/zalety-plastiku-939x1024.png 939w, https:\/\/baltykbezplastiku.pl\/wp-content\/uploads\/2025\/11\/zalety-plastiku-768x837.png 768w, https:\/\/baltykbezplastiku.pl\/wp-content\/uploads\/2025\/11\/zalety-plastiku-1409x1536.png 1409w, https:\/\/baltykbezplastiku.pl\/wp-content\/uploads\/2025\/11\/zalety-plastiku-1879x2048.png 1879w\" sizes=\"auto, (max-width: 2348px) 100vw, 2348px\" \/><\/figure>\n<\/div>\n\n\n<div style=\"height:80px\" aria-hidden=\"true\" class=\"wp-block-spacer\"><\/div>\n\n\n\n<hr class=\"wp-block-separator has-text-color has-alpha-channel-opacity has-background\" style=\"background-color:#3671bf;color:#3671bf\"\/>\n\n\n\n<h2 class=\"wp-block-heading alignwide has-text-align-center has-text-color has-link-color wp-elements-5bfb9774dd5ad184d002e5990249144d\" style=\"color:#3671bf;padding-top:0;padding-bottom:0;font-style:normal;font-weight:400\"><span class=\"ez-toc-section\" id=\"PRODUKCJA_PLASTIKU_W_PIGULCE\"><\/span>PRODUKCJA PLASTIKU W PIGU\u0141CE<span class=\"ez-toc-section-end\"><\/span><\/h2>\n\n\n\n<hr class=\"wp-block-separator has-text-color has-alpha-channel-opacity has-background\" style=\"background-color:#3671bf;color:#3671bf\"\/>\n\n\n\n<p style=\"padding-right:0;padding-left:0;font-size:18px;letter-spacing:1px\">Materia\u0142em wyj\u015bciowym dla plastiku s\u0105 paliwa kopalne, kt\u00f3re pochodz\u0105 z natury, jednak\u017ce chemicy u\u017cywaj\u0105 tych surowc\u00f3w, by budowa\u0107 od\u00a0zera zupe\u0142nie nowe struktury molekularne. Mog\u0105 \u015bwiadomie projektowa\u0107 unikalne w\u0142a\u015bciwo\u015bci gotowego materia\u0142u \u2013 np. jego twardo\u015b\u0107, elastyczno\u015b\u0107 czy przezroczysto\u015b\u0107 \u2013 tworz\u0105c plastik dok\u0142adnie taki, jakiego potrzebuj\u0105.<\/p>\n\n\n\n<div style=\"height:40px\" aria-hidden=\"true\" class=\"wp-block-spacer\"><\/div>\n\n\n<div class=\"wp-block-image\">\n<figure class=\"aligncenter size-large has-custom-border\"><img loading=\"lazy\" decoding=\"async\" width=\"644\" height=\"1024\" src=\"https:\/\/baltykbezplastiku.pl\/wp-content\/uploads\/2025\/12\/etapy-prod-644x1024.png\" alt=\"\" class=\"wp-image-1101\" style=\"border-style:none;border-width:0px\" srcset=\"https:\/\/baltykbezplastiku.pl\/wp-content\/uploads\/2025\/12\/etapy-prod-644x1024.png 644w, https:\/\/baltykbezplastiku.pl\/wp-content\/uploads\/2025\/12\/etapy-prod-189x300.png 189w, https:\/\/baltykbezplastiku.pl\/wp-content\/uploads\/2025\/12\/etapy-prod-768x1221.png 768w, https:\/\/baltykbezplastiku.pl\/wp-content\/uploads\/2025\/12\/etapy-prod-966x1536.png 966w, https:\/\/baltykbezplastiku.pl\/wp-content\/uploads\/2025\/12\/etapy-prod-1288x2048.png 1288w, https:\/\/baltykbezplastiku.pl\/wp-content\/uploads\/2025\/12\/etapy-prod-scaled.png 1610w\" sizes=\"auto, (max-width: 644px) 100vw, 644px\" \/><\/figure>\n<\/div>\n\n\n<div style=\"height:80px\" aria-hidden=\"true\" class=\"wp-block-spacer\"><\/div>\n\n\n\n<hr class=\"wp-block-separator has-text-color has-alpha-channel-opacity has-background\" style=\"background-color:#3671bf;color:#3671bf\"\/>\n\n\n\n<h2 class=\"wp-block-heading has-text-align-center has-text-color has-link-color wp-elements-2122350d892ad768a24818d5821e0c80\" style=\"color:#3671bf;font-style:normal;font-weight:400\"><span class=\"ez-toc-section\" id=\"WSZECHOBECNOSC_PLASTIKU\"><\/span>WSZECHOBECNO\u015a\u0106 PLASTIKU<span class=\"ez-toc-section-end\"><\/span><\/h2>\n\n\n\n<hr class=\"wp-block-separator has-text-color has-alpha-channel-opacity has-background\" style=\"background-color:#3671bf;color:#3671bf\"\/>\n\n\n\n<p style=\"padding-right:0;padding-left:0;font-size:18px;letter-spacing:1px\">Plastik, dzi\u0119ki swojej niskiej cenie, lekko\u015bci i trwa\u0142o\u015bci, sta\u0142 si\u0119 jednym z\u00a0podstawowych materia\u0142\u00f3w wsp\u00f3\u0142czesnego \u015bwiata. Z du\u017c\u0105 doz\u0105 pewno\u015bci mo\u017cna stwierdzi\u0107, \u017ce nasza nowoczesna cywilizacja w znacznym stopniu opiera si\u0119 na tworzywach sztucznych. Gdyby nagle usun\u0105\u0107 plastik ze wszystkich jego zastosowa\u0144, wiele aspekt\u00f3w codziennego \u017cycia oraz funkcjonowania globalnej gospodarki prawdopodobnie uleg\u0142oby za\u0142amaniu.<\/p>\n\n\n\n<p style=\"padding-right:0;padding-left:0;font-size:18px;letter-spacing:1px\"><strong>Plastik przenikn\u0105\u0142 do niemal ka\u017cdego obszaru naszej dzia\u0142alno\u015bci. Sta\u0142 si\u0119 tak powszechny, \u017ce jego obecno\u015b\u0107 w otoczeniu cz\u0119sto pozostaje niezauwa\u017cona.<\/strong><\/p>\n\n\n\n<div style=\"height:50px\" aria-hidden=\"true\" class=\"wp-block-spacer\"><\/div>\n\n\n<div class=\"wp-block-image\">\n<figure class=\"aligncenter size-large is-resized has-custom-border\"><img loading=\"lazy\" decoding=\"async\" width=\"1024\" height=\"1024\" src=\"https:\/\/baltykbezplastiku.pl\/wp-content\/uploads\/2025\/11\/plastik-wokol-nas-1024x1024.png\" alt=\"\" class=\"wp-image-242\" style=\"border-style:none;border-width:0px;width:750px\" srcset=\"https:\/\/baltykbezplastiku.pl\/wp-content\/uploads\/2025\/11\/plastik-wokol-nas-1024x1024.png 1024w, https:\/\/baltykbezplastiku.pl\/wp-content\/uploads\/2025\/11\/plastik-wokol-nas-300x300.png 300w, https:\/\/baltykbezplastiku.pl\/wp-content\/uploads\/2025\/11\/plastik-wokol-nas-150x150.png 150w, https:\/\/baltykbezplastiku.pl\/wp-content\/uploads\/2025\/11\/plastik-wokol-nas-768x768.png 768w, https:\/\/baltykbezplastiku.pl\/wp-content\/uploads\/2025\/11\/plastik-wokol-nas-1536x1536.png 1536w, https:\/\/baltykbezplastiku.pl\/wp-content\/uploads\/2025\/11\/plastik-wokol-nas-2048x2048.png 2048w\" sizes=\"auto, (max-width: 1024px) 100vw, 1024px\" \/><\/figure>\n<\/div>\n\n\n<div style=\"height:80px\" aria-hidden=\"true\" class=\"wp-block-spacer\"><\/div>\n\n\n\n<hr class=\"wp-block-separator has-text-color has-alpha-channel-opacity has-background\" style=\"background-color:#3671bf;color:#3671bf\"\/>\n\n\n\n<h2 class=\"wp-block-heading has-text-align-center has-text-color has-link-color wp-elements-a40890c6a5a6f78947c42570286b524c\" style=\"color:#3671bf;font-style:normal;font-weight:400\"><span class=\"ez-toc-section\" id=\"PLASTIKOWY_PARADOKS\"><\/span>PLASTIKOWY PARADOKS<span class=\"ez-toc-section-end\"><\/span><\/h2>\n\n\n\n<hr class=\"wp-block-separator has-text-color has-alpha-channel-opacity has-background\" style=\"background-color:#3671bf;color:#3671bf\"\/>\n\n\n\n<p style=\"font-size:18px;letter-spacing:1px\">Dlaczego plastik jest takim problemem? Wynika to z jego sprzeczno\u015bci technologicznej. Jest \u015bwietnym materia\u0142em wszechstronnego zastosowania, ale katastrofalny w roli odpadu. <strong>Te same zalety, kt\u00f3re uczyni\u0142y go dominuj\u0105cym materia\u0142em \u015bwiata, s\u0105 dok\u0142adnie tymi cechami, kt\u00f3re czyni\u0105 go globalnym zagro\u017ceniem ekologicznym.<\/strong> U\u017cywamy go na chwil\u0119, ale jego nie\u015bmiertelna natura sprawia, \u017ce jako odpad pozostaje w \u015brodowisku na wieki.<\/p>\n\n\n\n<div style=\"height:100px\" aria-hidden=\"true\" class=\"wp-block-spacer\"><\/div>\n\n\n\n<div class=\"wp-block-group is-content-justification-center is-nowrap is-layout-flex wp-container-core-group-is-layout-754efa03 wp-block-group-is-layout-flex\" style=\"padding-top:0;padding-bottom:0\">\n<div class=\"wp-block-buttons is-layout-flex wp-block-buttons-is-layout-flex\">\n<div class=\"wp-block-button has-custom-width wp-block-button__width-100\"><a class=\"wp-block-button__link has-nv-site-bg-background-color has-text-color has-background has-link-color has-custom-font-size wp-element-button\" href=\"https:\/\/baltykbezplastiku.pl\/\" style=\"color:#3671bf;padding-top:0;padding-right:0;padding-bottom:0;padding-left:0;font-size:17px;font-style:normal;font-weight:400;letter-spacing:1px\">STRONA G\u0141\u00d3WNA<\/a><\/div>\n<\/div>\n\n\n\n<figure class=\"wp-block-image size-full is-resized has-custom-border\"><img loading=\"lazy\" decoding=\"async\" width=\"834\" height=\"834\" src=\"https:\/\/baltykbezplastiku.pl\/wp-content\/uploads\/2025\/11\/strzalka-A.png\" alt=\"\" class=\"wp-image-468\" style=\"border-style:none;border-width:0px;width:60px\" srcset=\"https:\/\/baltykbezplastiku.pl\/wp-content\/uploads\/2025\/11\/strzalka-A.png 834w, https:\/\/baltykbezplastiku.pl\/wp-content\/uploads\/2025\/11\/strzalka-A-300x300.png 300w, https:\/\/baltykbezplastiku.pl\/wp-content\/uploads\/2025\/11\/strzalka-A-150x150.png 150w, https:\/\/baltykbezplastiku.pl\/wp-content\/uploads\/2025\/11\/strzalka-A-768x768.png 768w\" sizes=\"auto, (max-width: 834px) 100vw, 834px\" \/><\/figure>\n\n\n\n<div class=\"wp-block-columns is-layout-flex wp-container-core-columns-is-layout-9d6595d7 wp-block-columns-is-layout-flex\">\n<div class=\"wp-block-column is-layout-flow wp-block-column-is-layout-flow\" style=\"padding-right:var(--wp--preset--spacing--40);padding-left:var(--wp--preset--spacing--40)\"><\/div>\n<\/div>\n\n\n\n<figure class=\"wp-block-image size-full is-resized has-custom-border\"><img loading=\"lazy\" decoding=\"async\" width=\"834\" height=\"834\" src=\"https:\/\/baltykbezplastiku.pl\/wp-content\/uploads\/2025\/11\/strzalka.png\" alt=\"\" class=\"wp-image-469\" style=\"border-style:none;border-width:0px;width:60px\" srcset=\"https:\/\/baltykbezplastiku.pl\/wp-content\/uploads\/2025\/11\/strzalka.png 834w, https:\/\/baltykbezplastiku.pl\/wp-content\/uploads\/2025\/11\/strzalka-300x300.png 300w, https:\/\/baltykbezplastiku.pl\/wp-content\/uploads\/2025\/11\/strzalka-150x150.png 150w, https:\/\/baltykbezplastiku.pl\/wp-content\/uploads\/2025\/11\/strzalka-768x768.png 768w\" sizes=\"auto, (max-width: 834px) 100vw, 834px\" \/><\/figure>\n\n\n\n<div class=\"wp-block-buttons is-layout-flex wp-block-buttons-is-layout-flex\">\n<div class=\"wp-block-button has-custom-width wp-block-button__width-100 is-style-default\"><a class=\"wp-block-button__link has-nv-site-bg-background-color has-text-color has-background has-link-color has-custom-font-size wp-element-button\" href=\"https:\/\/baltykbezplastiku.pl\/?page_id=285\" style=\"color:#3671bf;padding-top:0;padding-right:0;padding-bottom:0;padding-left:0;font-size:17px;font-style:normal;font-weight:400;letter-spacing:1px\">PLASTIK W \u015aRODOWISKU<\/a><\/div>\n<\/div>\n<\/div>\n\n\n\n<div style=\"height:100px\" aria-hidden=\"true\" class=\"wp-block-spacer\"><\/div>\n\n\n\n<p><\/p>\n","protected":false},"excerpt":{"rendered":"<p>PLASTIKOWA REWOLUCJA ERA PLASTIKU Wynalezienie plastiku uznaje si\u0119 za kamie\u0144 milowy w\u00a0rozwoju ludzko\u015bci. By\u0142 to pierwszy materia\u0142 stworzony ca\u0142kowicie przez cz\u0142owieka w\u00a0laboratorium. Jego w\u0142a\u015bciwo\u015bci sprawi\u0142y, \u017ce sta\u0142 si\u0119 idealnym materia\u0142em do produkcji na masow\u0105 skal\u0119. Zrewolucjonizowa\u0142 przemys\u0142, medycyn\u0119 i\u00a0nasze codzienne \u017cycie. PRODUKCJA PLASTIKU W PIGU\u0141CE Materia\u0142em wyj\u015bciowym dla plastiku s\u0105 paliwa kopalne, kt\u00f3re pochodz\u0105 z&hellip;&nbsp;<\/p>\n","protected":false},"author":2,"featured_media":0,"parent":0,"menu_order":0,"comment_status":"closed","ping_status":"closed","template":"","meta":{"neve_meta_sidebar":"","neve_meta_container":"default","neve_meta_enable_content_width":"off","neve_meta_content_width":70,"neve_meta_title_alignment":"","neve_meta_author_avatar":"","neve_post_elements_order":"","neve_meta_disable_header":"","neve_meta_disable_footer":"on","neve_meta_disable_title":"on","footnotes":""},"class_list":["post-166","page","type-page","status-publish","hentry"],"_links":{"self":[{"href":"https:\/\/baltykbezplastiku.pl\/index.php?rest_route=\/wp\/v2\/pages\/166","targetHints":{"allow":["GET"]}}],"collection":[{"href":"https:\/\/baltykbezplastiku.pl\/index.php?rest_route=\/wp\/v2\/pages"}],"about":[{"href":"https:\/\/baltykbezplastiku.pl\/index.php?rest_route=\/wp\/v2\/types\/page"}],"author":[{"embeddable":true,"href":"https:\/\/baltykbezplastiku.pl\/index.php?rest_route=\/wp\/v2\/users\/2"}],"replies":[{"embeddable":true,"href":"https:\/\/baltykbezplastiku.pl\/index.php?rest_route=%2Fwp%2Fv2%2Fcomments&post=166"}],"version-history":[{"count":127,"href":"https:\/\/baltykbezplastiku.pl\/index.php?rest_route=\/wp\/v2\/pages\/166\/revisions"}],"predecessor-version":[{"id":1161,"href":"https:\/\/baltykbezplastiku.pl\/index.php?rest_route=\/wp\/v2\/pages\/166\/revisions\/1161"}],"wp:attachment":[{"href":"https:\/\/baltykbezplastiku.pl\/index.php?rest_route=%2Fwp%2Fv2%2Fmedia&parent=166"}],"curies":[{"name":"wp","href":"https:\/\/api.w.org\/{rel}","templated":true}]}}